t is a(1)?
-2
Let y(l) be the second derivative of -l**5/20 + 2*l**4 + 25*l**3/6 + 9*l**2/2 - l - 5. Determine y(25).
9
Let h(i) = 2*i**2 + 12*i + 11. Let g(u) = 5*u + 40. Let l be g(-9). Let n be h(l). Let t(f) = f**2 + n - 1 - 8*f**3 + 0 + f - 1. Determine t(1).
-7
Let h(s) be the third derivative of -s**6/120 + 7*s**5/30 - 5*s**4/8 - 7*s**3/3 - 14*s**2 - 20. Determine h(12).
94
Let y(m) be the second derivative of m**6/360 - 11*m**5/120 + 10*m**4/3 - 51*m. Let d(k) be the third derivative of y(k). Calculate d(9).
7
Let g(y) = y**2 + 2 - 2 + 1 + 743*y - 4 - 748*y. Let p(u) = u**3 + 3*u**2 - 3*u - 3. Suppose -8*j + 10*j + 6 = 0. Let k be p(j). Determine g(k).
3
Let y be ((-105)/(-14))/(3/4). Suppose -z + 3*n - 6 = -3*z, 2*z + 2*n = y. Let v(k) = -3*k**3 + z*k**2 + 8*k**2 + 4*k**3 - 10*k**2 - 8. Give v(-7).
-8
Let h be 23/92 - (-8)/(160/495). Let f(n) = n**3 - 26*n**2 + 25*n + 1. Give f(h).
1
Let m(u) = 12*u. Suppose 3*z = -5*q + 2, -5 = z - 4*q - 17. Suppose 5*b + 8 = 4*v + 15, 0 = -3*b + z*v + 9. Determine m(b).
-12
Let t = -592 + 594. Let y(s) = -5*s**2 + 2*s**2 - 2*s + 7*s**t. Determine y(3).
30
Let v(l) = -l**3 + 7*l**2 + 9*l + 7. Let d be v(8). Let b = d - 45. Let f be (6/8)/((b/16)/(-5)). Let y(h) = -10*h + 3. What is y(f)?
-17
Let w(q) = 2*q + 10. Let p(x) be the first derivative of -x**3/3 - x**2 - x - 54. Let d be p(-4). Give w(d).
-8
Suppose -2*y = 3*h - 19, h - y + 12 = 2*y. Let c(j) be the first derivative of j**2/2 - 2*j - 1110. What is c(h)?
1
Let j(o) = -o**2 + 7*o + 6. Let b be (-15)/10*6 - 3/3. Let z be (1 - -1 - -8)*(-8)/b. Let c be -14*(-4)/z*1. What is j(c)?
6
Let v be ((-20)/(-3))/(-1) + 14/(-42). Let z(p) = p - 15. Let x(m) = 2*m - 26. Let j(t) = 4*x(t) - 7*z(t). Determine j(v).
-6
Let g(b) = -3*b**2 + b. Let h(f) = -50*f**2 + 7*f + 16. Let x(v) = 16*g(v) - h(v). Calculate x(-6).
2
Let d(x) = 17 - 5 + 3*x + 12 + 3. Give d(-11).
-6
Suppose 0 = 3*l + 305 - 869. Suppose -4*g - 172 = -l. Let i(a) = -a. What is i(g)?
-4
Suppose -4 = -n + 5*u, 0 = -4*n + 2*u - 3 + 1. Let y(f) be the first derivative of -21*f**2/2 + 213. What is y(n)?
21
Let u(z) = 3*z**2 - 1. Let v be u(-2). Suppose -4*h = -5*c + 1, 4*c + 8*h = 10*h + 2. Suppose 3*x = c + v. Let d(m) = 2*m - 3. Calculate d(x).
5
Let x(p) = -9*p + 39. Suppose 0 = r - 155*z + 152*z - 18, -24 = -3*r + 4*z. What is x(r)?
39
Let q be ((-75)/275)/(-1) - 126/(-22). Let y(w) = w**2 - 3*w - 13. Calculate y(q).
5
Let s(h) = -h - 1. Let a be -6 - (-18)/(-30)*5. Determine s(a).
8
Let h be 36/180 - 509/(-5). Suppose -12*r = h - 138. Let f(q) = -4*q + 13. Determine f(r).
1
Let a(c) = c**2 - 1. Let x = -11381 - -11381. Give a(x).
-1
Let q be (-8 + 9)*-1*2. Let r(c) be the third derivative of 0*c + 3*c**2 + 1/6*c**4 + 1/2*c**3 + 1/30*c**5 + 0. Determine r(q).
3
Let z(q) = -q**3 + 30*q**2 - 19*q - 9. Let b(l) = -l**3 + 9*l**2 - 6*l - 3. Let x(t) = 10*b(t) - 3*z(t). Calculate x(-1).
7
Let h(f) be the third derivative of -f**5/60 + f**4/3 - 4*f**3/3 + 15*f**2 + 17*f. Determine h(7).
-1
Let q(o) = -3*o**3 + 59*o**2 - 35*o - 43. Let f be q(19). Let a(z) = z**2 - 11*z - 29. Calculate a(f).
13
Let o = 44 - 40. Let i be (-15)/1*(44/(-12) - -1). Suppose -i = -k - o*k. Let g(y) = y**2 - 7*y - 1. What is g(k)?
7
Let n be 5/(-5)*6*(-4)/3. Let l(d) be the second derivative of d**4/12 - 7*d**3/6 + 5*d**2/2 + d + 6. What is l(n)?
13
Let g(r) be the first derivative of -r**4/4 - r**3 - r**2/2 - 2*r + 3712. Determine g(-4).
18
Let n(q) = -6*q + 78. Suppose 0 = 147*f - 139*f - 104. Give n(f).
0
Let i(v) = v**3 + 10*v**2 - 12*v - 10. Let z be i(-11). Let s = z - 9. Let m(h) = 9*h + 3 - 75*h**2 - 52*h**2 + 191*h**2 - 63*h**2. Calculate m(s).
-5
Suppose 37*i - 8 = 2*j + 35*i, -4 = -2*i. Let n(x) = 4*x**2 - 8. Determine n(j).
8
Let k(f) = f**2 - 1. Let y(v) = -v**3 + 3*v**2 - 16. Let b(l) = -4*k(l) + y(l). Let r be (-22)/(-99) - 2/(-9)*-1. Give b(r).
-12
Let d(n) be the first derivative of -10*n - 3/2*n**2 + 3 + 1/12*n**4 + 1/20*n**5 - 1/6*n**3. Let v(u) be the first derivative of d(u). Give v(0).
-3
Let m(a) be the second derivative of a**5/20 - 2*a**4/3 - 4*a**3 + 19*a**2 - 3*a - 5. Calculate m(10).
-2
Let y(d) = -2 - 25*d**3 + 5*d**2 + 26*d**3 - 4. Suppose 0 = 11*r - 3*r + 10*r + 90. Determine y(r).
-6
Let h(s) = -s**3 + 3*s**2 - 2*s + 1. Let c be (1/(-2))/((-14)/1204). Let f be ((-6)/((-12)/41))/(1/(-2)). Let t = c + f. Determine h(t).
1
Let g(v) = 10*v**3 + 26*v**2 + 5*v + 28. Let p(a) = 28*a**3 + 77*a**2 + 14*a + 79. Let x(s) = 8*g(s) - 3*p(s). Give x(-6).
35
Suppose -8 - 1 = -3*k. Let a(w) = 17*w - 5*w**2 - 14 + k*w**2 + 0*w**2 - 6. Let m(r) = -r**2 + 6*r - 7. Let n(o) = 3*a(o) - 8*m(o). Calculate n(-4).
16
Let h(p) = -22*p - 24*p - 24*p - 8 + 4*p**2 + 9 + 69*p. Let y be (-10)/(-4)*(-12)/10. Let x(b) = b + 4. Let t be x(y). Give h(t).
4
Suppose -2996 = 8*n - 3012. Let a(u) = -u**3 + 2*u**2 - 3*u. Give a(n).
-6
Let l(b) = 6*b. Let q be l(1). Let u(w) = w**3 - 10*w**2 + w - 10. Let j be u(10). Let g(h) = -5*h + j*h + h**3 + 8 + 2*h - 6*h - 5*h**2. Calculate g(q).
-10
Suppose 0 = -6*v + v - 2*o - 8392, 0 = -2*v - 5*o - 3340. Let c be (-2)/(-9) - v/216. Let g(x) = -x**3 + 8*x**2 - 3*x - 7. Give g(c).
-31
Suppose -31 + 31 = -185*c. Let j(b) be the second derivative of -b**5/20 - b**4/12 + b**3/6 - 23*b**2/2 - 2*b. Give j(c).
-23
Let t be -248*(1 + (-27)/6). Let j = 177 + t. Let l(r) = 2*r - 1052 + j + 2*r. Calculate l(6).
17
Let f(k) = 14*k + 72. Let p(d) = -6*d - 29. Let t(h) = 5*f(h) + 12*p(h). Suppose 4*c = o - 7, -3*o = -2*o - c - 4. Suppose -13 = -o*i + 11. Determine t(i).
-4
Let h(f) be the second derivative of f**5/20 - 5*f**4/12 - 4*f**3/3 + 3*f**2 + 2*f - 8. Let t(z) = -z + 17. Let k = -11 - -22. Let a be t(k). What is h(a)?
-6
Suppose -3*z + s + 0 = -12, 4*z = 4*s + 8. Let q be (13 - z)*(-3)/(-6). Let b(j) = -2*j**2 - 1 + 0 + 3 + j**2 + j. Calculate b(q).
-10
Let w(z) = 2*z**2 + 4*z - 1. Let j(t) = -9*t**2 - 26*t + 14. Let g(d) = -j(d) - 6*w(d). Calculate g(-6).
-128
Let g(p) = -p**2 + 8*p + 3. Let s = 297 + -295. Suppose s*h - 162 = -148. Calculate g(h).
10
Let t(f) be the third derivative of f**6/120 + f**5/6 - 5*f**4/24 - 15*f**3/2 - 204*f**2 + 5. Give t(-10).
5
Let m(h) = 12*h - 10. Let a(f) = -4*f + 3. Let o(n) = 8*a(n) + 3*m(n). Let v = 46 + -56. What is o(v)?
-46
Let p(u) = -u**3 - 19*u**2 + 24*u + 20. Let c be (4/(-8))/((26/80)/13). What is p(c)?
-60
Let p(y) = -5*y**2 + 19*y - 15. Let z = 7917 + -7910. Give p(z).
-127
Let x(m) be the third derivative of m**4/6 - 5*m**3/6 - 93*m**2. Let s be x(0). Let a(k) = k**2 - 5. Calculate a(s).
20
Let o(w) = 11*w**2 + 28*w + 176. Let k(n) = 13*n**2 + 28*n + 176. Let d(j) = 5*k(j) - 6*o(j). What is d(-19)?
-5
Let p = 1405 - 1402. Let u(r) be the third derivative of -r**6/120 - r**4/12 + r**3/3 - 3*r**2. What is u(p)?
-31
Let b = 1 + 2. Suppose -y = -0 - b. Let s(q) = y*q - 6 + 2*q - 3*q. Calculate s(5).
4
Let d(p) = -7*p + 181. Let f be d(25). Let m(r) = 3*r + 1. Let l(b) = b**2 + 22*b + 7. Let w(t) = f*m(t) - l(t). What is w(-5)?
-6
Let c(y) = 3*y + 4. Let x(g) = g**3 - 16*g**2 + 48*g - 779. Let l be x(16). Calculate c(l).
-29
Let v(j) = 2*j**3 - 8*j**2 + 11*j. Suppose 4*w - 45 = 7*y - 8, 32 = 5*w - 4*y. Give v(w).
44
Let h(z) be the third derivative of z**4/8 - 7*z**3/6 - 1645*z**2. Calculate h(5).
8
Let d(o) = o**2 - 18*o - 207. Let c = 6279 - 6253. Determine d(c).
1
Suppose 0*k + 21*k - 26 = -89. Let y(b) be the second derivative of b**4/12 + b**3 + 5*b**2 - 5*b. Calculate y(k).
1
Let c = 541 + -543. Let i be ((-13)/(-1))/(c + -3 + 4). Let p(q) = -2*q - 26. Calculate p(i).
0
Let n = -1 + 1. Let i(r) = -1 + 5056*r**2 - 4 + 4 - 5055*r**2. Calculate i(n).
-1
Let c(z) = -70*z + 3. Let v(m) = 103*m + 2. Let f(g) = 4*c(g) + 2*v(g). Give f(1).
-58
Let q(z) = z**3 - 5*z**2 + 4*z + 8. Suppose -4*p = 5*r + 1756, p = -5*r + 6*p - 1720. Let o = r - -352. Determine q(o).
8
Suppose -14 = 8*r - 110. Let p(g) = -2*g**2 + 23*g + 13. Calculate p(r).
1
Let r = -2 - 1. Let f be (6/14)/(12/84). Let t(w) = -168*w**2 + 333*w**2 + w**f + 1 - 3*w - 163*w**2. What is t(r)?
1
Let w(l) = -295 - 1479 + 114*l + 2232. Determine w(-4).
2
Let i be 13/(-26)*(2 + 8/(-2)). Let t(l) = 11*l**3 - 1. Let m(p) = -p**2 + p. Let v(w) = -m(w) - t(w). Determine v(i).
-10
Let k(s) = -23*s**3 